 the tens digit of h?
5
Let o = -98 - -109. Suppose 0 = -o*c + 2*c + 2133. What is the tens digit of c?
3
What is the units digit of 8/44 - (-27875)/55?
7
Suppose -t + 6*t = 265. Suppose -4*b = d - 68, -b = 5*d + t - 412. What is the units digit of d?
2
Let t(u) = u**3 - u**2 + u + 1. Let k(r) = -2*r**2 + 3*r. Let a(m) = -k(m) + t(m). Let o be a(1). What is the units digit of -24*(o - (-15)/(-9))?
6
Let l = 4 - -5. Let b = l - 41. Let n = b + 77. What is the tens digit of n?
4
Suppose -44 = -4*v - 4*o, -4*v = 5*o - 40 - 3. Let d(m) = -2 - 40*m + 27*m - v. What is the tens digit of d(-4)?
3
Let r(l) = 9*l**2 + 9*l + 3. Let g(n) = 6*n**2 + 6*n + 2. Let m(y) = -7*g(y) + 5*r(y). Let c be m(-2). What is the units digit of (-5)/(15/(-6)) + c?
9
Suppose 3*r + r = -20. Suppose 0 = 4*y - 2*y - 4. What is the units digit of r/5 + 68/y?
3
Suppose 0 = -4*k + 2*k + 6. Suppose k*y - 45 = 2*y. What is the tens digit of y?
4
Suppose 0 = -5*u - 4*b + 2021, -7*u + 2*u + 2009 = b. Let j = -278 + u. What is the tens digit of j?
2
Let j(t) = 26*t**2 - 17*t + 46. What is the tens digit of j(9)?
9
Suppose -9*f = 4*f - 728. Let m = 93 - f. What is the units digit of m?
7
Suppose 2*i + 4 = 4*y - 2, -4*y - 5*i - 15 = 0. Let t = -1 + 4. Suppose y = -5*h - t*j + 151, 4*j - 59 = 5*h - 231. What is the tens digit of h?
3
What is the hundreds digit of (-533)/(8/(-16)*2)?
5
Let k = -48 - -186. Suppose -w - 8 = -x, 2*x = -w - 2*w - 4. What is the units digit of x/((-32)/(-4))*k?
9
Let a = 12 - 11. Let x be (a/(-2))/(6/(-132)). What is the units digit of (0/1)/(-2) + x?
1
Suppose 5*j - 2*k - 687 = 0, j = k + 13 + 122. What is the tens digit of j?
3
Suppose o - 5*h = 1401, 2444 - 6605 = -3*o + h. What is the hundreds digit of o?
3
Let o = 64 - 51. Suppose 102 + o = l. What is the hundreds digit of l?
1
Suppose 5*f - 5*x - 890 = 0, 4*f = 3*x + 58 + 653. Suppose -5*b = 2*v - f, -2*b = 3*v - v - 168. What is the tens digit of v?
8
Let m(p) = -p**3 + 6*p**2 + 5*p + 8. Let t = 96 + -91. What is the tens digit of m(t)?
5
Let b(m) = -6*m + 99. What is the tens digit of b(-17)?
0
Suppose 4*z - 5 + 1 = 0. Suppose 0*p - 4*p + 4 = 0. What is the units digit of z*p/(4/12)?
3
Let b be (12/(-18))/(2/(-15)). Suppose -3*y - b = 1. What is the units digit of (50 + -2)/y*-1?
4
Let y = 1 + 4. Suppose a + 107 = 3*q, -a + y = 4*a. What is the units digit of q?
6
Let z be (2 + -6 + -2)*9. Let t = 168 + z. What is the units digit of t?
4
Let o = 2155 - 1109. What is the hundreds digit of o?
0
Let b(h) = h**3 - 2*h**2 + 3*h - 1. Let x be b(2). Suppose -337 = -x*l + 53. What is the tens digit of l?
7
Let b = -127 + -71. Let t = -25 - b. What is the hundreds digit of t?
1
Let l(h) = 39*h**2 - 11*h - 31. What is the units digit of l(-3)?
3
Let t be -3 + (-4)/(-3 + 2). Let g = t + -8. What is the tens digit of (g + -3)*3*-1?
3
Suppose 33*m - 28*m = 3580. What is the tens digit of m?
1
Suppose -41*k + h - 154 = -46*k, 2*k - 68 = 6*h. What is the tens digit of k?
3
Suppose 0 = 2*o - 6*v + 3*v - 5277, -10579 = -4*o + v. What is the thousands digit of o?
2
Suppose -t = -5*h - 18, 5*t + 2*h - 143 = 28. Suppose 4*q - x - 173 = 0, 5*x + 187 = 5*q - t. What is the units digit of q?
3
Suppose f = 5*f - 284. Suppose 5*u - 93 - 122 = 0. Let n = f - u. What is the units digit of n?
8
Suppose 0 = -3*q - 2*p - 4, 2*p = 2*q + q - 16. Let w = q + 1. What is the tens digit of 3 - -12 - (w + -6)?
1
Let l = 22 - 20. Suppose 0 = -3*n + 2*y + 60, -n + 21 = y - l*y. What is the units digit of n?
8
Let n be 2/3 - (-282)/9. Suppose 38 - 245 = -3*o. Let a = o - n. What is the tens digit of a?
3
Let c(u) = -32*u. Suppose 0 = -0*a + 2*a + 4. Let q be c(a). What is the tens digit of (-1 - -3)/(4/q)?
3
Let o = 20 + -20. Suppose -t - 4*a + 32 = -17, 5*t + a - 283 = o. What is the tens digit of t?
5
Suppose -2*f + 5*n = -2591, -4*n - 14 = -2. What is the tens digit of f?
8
Let k(y) = -36*y + 371. What is the hundreds digit of k(-29)?
4
Suppose 2 = 3*r - 4. Suppose -r*j + 21 = -15. Suppose 5*s = -3*z + 144, s = -3*z + j + 18. What is the units digit of s?
7
Let s be 1 - 8 - (-3 - (-2 - -1)). Let p(i) = -2*i**2 - 11*i + 1. What is the units digit of p(s)?
6
Let v(s) = -s. Let j(x) = -x**2 + 6*x - 11. Let m(c) = -j(c) - 6*v(c). Let k(n) = -n - 11. Let r be k(-11). What is the units digit of m(r)?
1
Suppose 5*v = 2*v. Let n(t) = -t**2 + 3. Let o be n(v). Suppose 6*x = o*x + 69. What is the units digit of x?
3
Let a be (3 + 257)*(-8)/(-20). Suppose 5*t = -3*s + s - a, 0 = -3*t - 2*s - 64. Let o = t + 25. What is the units digit of o?
5
Let n(s) be the first derivative of 3*s**5/40 + s**4/24 + s**3/3 + 5. Let b(w) be the third derivative of n(w). What is the units digit of b(1)?
0
Suppose -5*a + 3 = -u - 22, 2*u = -a - 6. Suppose 313 = a*x - 231. What is the tens digit of x?
3
Suppose -5*c - 232 = 5*s - 1012, 0 = 5*c - 3*s - 780. Let n = c + -31. What is the hundreds digit of n?
1
Let z be (36/3)/(12/112). Let c = z + -50. What is the units digit of c?
2
Suppose 0 = -3*j + 5*g + 627, 2*j + 2*g - 272 - 162 = 0. Suppose -3*k = 3*b - 264, -4*k - b + 135 = -j. What is the units digit of k?
7
Let b = 25 + -51. Let w be (-9)/27 - b/(-3). Let h = -7 - w. What is the units digit of h?
2
Let a = -109 + 118. What is the units digit of a?
9
Let n = -13 - -17. Let a(z) = z**3 - 3*z**2 - 4*z + 5. Let o be a(n). Suppose -65 - 50 = -o*k. What is the tens digit of k?
2
Let l = -5 + -1. Let g(y) = y**2 + 6*y + 5. Let u be g(l). Let d(o) = o**3 - 4*o**2 + o - 4. What is the units digit of d(u)?
6
Suppose 5840 = 5*w + h, -4*w + 2*h + 591 = -4067. What is the hundreds digit of w?
1
Let y(a) = -3*a - 22. Let b be y(-15). Let f = -23 + b. Suppose 5*s - 5*g = 195, 3*g = -f*g + 15. What is the units digit of s?
4
Let l(f) = 7*f**2 + 2*f + 1. Let c be l(-1). Suppose -9 = 3*r - c*r. Suppose -i + 16 = -r*d, 2*i - 34 - 1 = 3*d. What is the tens digit of i?
1
Let l = 279 + 621. What is the units digit of l?
0
Suppose 0 = -2*l + 11*l - 531. Suppose l = n - 2*w, 2*n - 2*w - 111 = 7. What is the units digit of n?
9
Let u be (42/49)/(1/413). Let j = u - 192. What is the units digit of j?
2
Suppose 4*b - 1362 = -5*h + 6*b, -4*h + 1089 = -b. Suppose 3*k - 223 = h. What is the units digit of k?
5
Suppose -149 = 5*y + t, 5*t + 16 = t. What is the units digit of (y/(2 - 3))/1?
9
Suppose -920 = -4*i + 3*s, -s = -i - 4*i + 1161. What is the tens digit of i?
3
Let l(s) = 10*s**2 - s - 58. What is the units digit of l(-6)?
8
Suppose 14 + 10 = 2*u - 3*j, -5*u + 3*j + 69 = 0. Suppose -u - 10 = -l. What is the tens digit of l?
2
What is the units digit of 3365*(-2)/20*-2?
3
Let q(j) = 5*j**2 + 45*j - 5 + 0*j**2 - 43*j. What is the units digit of q(4)?
3
Let w(p) = 6*p - 4. Let q be w(1). Suppose 0 = -q*j - 1 + 21. What is the units digit of j?
0
Suppose j + 712 = 2*b, 6*j = -5*b + j + 1750. What is the units digit of b?
4
Let o = 69 + -143. Let g = -52 - o. What is the units digit of g?
2
Let p = 26 + -24. What is the units digit of ((-7)/p)/7*-94?
7
Suppose w = -3*l - w + 9905, -5*l - 2*w + 16507 = 0. What is the hundreds digit of l?
3
Let n(d) = 2*d + 10. Let u be n(-9). What is the tens digit of -2 + (-91)/(-2) + u/(-16)?
4
Let b(a) be the second derivative of 4*a**5/5 + a**4/4 - a**3/6 + a**2/2 - 32*a. What is the tens digit of b(2)?
3
Suppose -4*p + u = 9 - 48, 27 = 2*p - 3*u. Let s be p/45 - 2/10. Let f(l) = l + 20. What is the units digit of f(s)?
0
Let u(b) = -b**3 + 3*b**2 - b. Let d(g) = -g**3 + 2*g**2 + 5*g - 3. Let j be d(3). Let x be u(j). What is the units digit of x + -26*(3 - 4)?
3
Let f be ((-1)/2)/(1/(-6)). Let n(u) = -u - f + 1 + 2*u + 14. What is the units digit of n(-11)?
1
Let a(h) = -7*h - 18. Let f(v) = 6*v + 17. Let g(d) = 5*a(d) + 6*f(d). Let t be g(-9). Suppose -t*p - p = -72. What is the tens digit of p?
1
Let a be 15/(-20)*(-4 - 2 - -2). Suppose s - 257 = -a*y + 203, 4*s = -y + 168. What is the units digit of y?
2
Let f(t) = 0*t**2 - 9 + 4*t**2 - 3*t**2 + 0*t**2 - 6*t. Let n be f(-6). Suppose -k = 2*q - 33, -2*k - 3*q + n = -0*k. What is the units digit of k?
7
Suppose 5*l + 94 = 2*s, 10 = 5*s - 0. Let w = l + 29. Suppose -3*t + w + 67 = 0. What is the tens digit of t?
2
Let k(o) = -3*o - 1 - 10*o**3 - 5*o**2 + 9*o**3 + 11*o**2. Suppose 0 - 5 = -j. Wha